{"id":9,"date":"2024-12-16T15:06:51","date_gmt":"2024-12-16T15:06:51","guid":{"rendered":"https:\/\/lifesucks.fr\/?page_id=2"},"modified":"2026-01-18T14:21:02","modified_gmt":"2026-01-18T14:21:02","slug":"historique-page","status":"publish","type":"page","link":"https:\/\/assolacheveche.fr\/?page_id=9","title":{"rendered":"Historique"},"content":{"rendered":"\n<p>Voici ce que vous avez (peut-\u00eatre) manqu\u00e9 !<\/p>\n\n\n\n<div class=\"wp-block-media-text is-stacked-on-mobile\" style=\"grid-template-columns:40% auto\"><figure class=\"wp-block-media-text__media\"><img loading=\"lazy\" decoding=\"async\" width=\"724\" height=\"1024\" src=\"https:\/\/assolacheveche.fr\/wp-content\/uploads\/2024\/12\/Odyssees-2025-affiche-724x1024.jpg\" alt=\"\" class=\"wp-image-135 size-full\" srcset=\"https:\/\/assolacheveche.fr\/wp-content\/uploads\/2024\/12\/Odyssees-2025-affiche-724x1024.jpg 724w, https:\/\/assolacheveche.fr\/wp-content\/uploads\/2024\/12\/Odyssees-2025-affiche-212x300.jpg 212w, https:\/\/assolacheveche.fr\/wp-content\/uploads\/2024\/12\/Odyssees-2025-affiche-768x1086.jpg 768w, https:\/\/assolacheveche.fr\/wp-content\/uploads\/2024\/12\/Odyssees-2025-affiche-1086x1536.jpg 1086w, https:\/\/assolacheveche.fr\/wp-content\/uploads\/2024\/12\/Odyssees-2025-affiche.jpg 1131w\" sizes=\"auto, (max-width: 724px) 100vw, 724px\" \/><\/figure><div class=\"wp-block-media-text__content\">\n<p><strong>\u00c9dition 2025<\/strong><\/p>\n\n\n\n<p>Pour cette \u00e9dition, c&rsquo;etait le groupe \u00ab\u00a0Jink\u00a0\u00bb qui etait de la partie et qui \u00e0 s\u00fb nous regaler avec sa musique pop-rock.<\/p>\n\n\n\n<p>En premi\u00e8re partie, \u00ab\u00a0les oiseaux pas sages\u00a0\u00bb qui revisitent le r\u00e9pertoires Brassens nous on emport\u00e9s avec leurs voix et belle guitare flamenca.<\/p>\n<\/div><\/div>\n\n\n\n<div class=\"wp-block-media-text\" style=\"grid-template-columns:40% auto\"><figure class=\"wp-block-media-text__media\"><img loading=\"lazy\" decoding=\"async\" width=\"724\" height=\"1024\" src=\"https:\/\/assolacheveche.fr\/wp-content\/uploads\/2024\/12\/Yellow-Illustrative-Summer-Festival-Flyer-1-2-2-724x1024.png\" alt=\"\" class=\"wp-image-56 size-full\" srcset=\"https:\/\/assolacheveche.fr\/wp-content\/uploads\/2024\/12\/Yellow-Illustrative-Summer-Festival-Flyer-1-2-2-724x1024.png 724w, https:\/\/assolacheveche.fr\/wp-content\/uploads\/2024\/12\/Yellow-Illustrative-Summer-Festival-Flyer-1-2-2-212x300.png 212w, https:\/\/assolacheveche.fr\/wp-content\/uploads\/2024\/12\/Yellow-Illustrative-Summer-Festival-Flyer-1-2-2-768x1086.png 768w, https:\/\/assolacheveche.fr\/wp-content\/uploads\/2024\/12\/Yellow-Illustrative-Summer-Festival-Flyer-1-2-2-1086x1536.png 1086w, https:\/\/assolacheveche.fr\/wp-content\/uploads\/2024\/12\/Yellow-Illustrative-Summer-Festival-Flyer-1-2-2.png 1414w\" sizes=\"auto, (max-width: 724px) 100vw, 724px\" \/><\/figure><div class=\"wp-block-media-text__content\">\n<p><strong>\u00c9dition 2024<\/strong><\/p>\n\n\n\n<p>Nous avons eu l&rsquo;honneur d&rsquo;accueillir <strong>\u00ab\u00a0Duo L\u00f4v\u00a0\u00bb<\/strong> en concert. Nous vous avions \u00e9galement proposer 3 ateliers dont th\u00e9\u00e2tre d&rsquo;impro, art plastiques et initiation acro-yoga. Par ailleurs des jeux en bois \u00e9taient \u00e0 disposition pour enfants et adultes.<\/p>\n<\/div><\/div>\n\n\n\n<div class=\"wp-block-media-text\" style=\"grid-template-columns:40% auto\"><figure class=\"wp-block-media-text__media\"><img loading=\"lazy\" decoding=\"async\" width=\"724\" height=\"1024\" src=\"https:\/\/assolacheveche.fr\/wp-content\/uploads\/2024\/12\/les-odyssees-du-lys-2023-1-724x1024.png\" alt=\"\" class=\"wp-image-54 size-full\" srcset=\"https:\/\/assolacheveche.fr\/wp-content\/uploads\/2024\/12\/les-odyssees-du-lys-2023-1-724x1024.png 724w, https:\/\/assolacheveche.fr\/wp-content\/uploads\/2024\/12\/les-odyssees-du-lys-2023-1-212x300.png 212w, https:\/\/assolacheveche.fr\/wp-content\/uploads\/2024\/12\/les-odyssees-du-lys-2023-1-768x1086.png 768w, https:\/\/assolacheveche.fr\/wp-content\/uploads\/2024\/12\/les-odyssees-du-lys-2023-1-1086x1536.png 1086w, https:\/\/assolacheveche.fr\/wp-content\/uploads\/2024\/12\/les-odyssees-du-lys-2023-1-1448x2048.png 1448w, https:\/\/assolacheveche.fr\/wp-content\/uploads\/2024\/12\/les-odyssees-du-lys-2023-1.png 1587w\" sizes=\"auto, (max-width: 724px) 100vw, 724px\" \/><\/figure><div class=\"wp-block-media-text__content\">\n<p><strong>\u00c9dition 2023 :<\/strong><\/p>\n\n\n\n<p>Lors de cette \u00e9dition sensationnelle nous avions accueilli en guest star, le duo de Folk Bluegrass <strong>\u00ab\u00a0Morgane G\u00a0\u00bb<\/strong>. Nous avions \u00e9galement en premi\u00e8re partie Christian alias R\u00e9gubert en vari\u00e9t\u00e9 fran\u00e7aise et de belles reprises de Georges Brassens par un trio d'\u00a0\u00bbOiseaux de passage\u00a0\u00bb.<\/p>\n<\/div><\/div>\n","protected":false},"excerpt":{"rendered":"<p>Voici ce que vous avez (peut-\u00eatre) manqu\u00e9 ! \u00c9dition 2025 Pour cette \u00e9dition, c&rsquo;etait le groupe \u00ab\u00a0Jink\u00a0\u00bb qui etait de la partie et qui \u00e0 s\u00fb nous regaler avec sa musique pop-rock. En premi\u00e8re partie, \u00ab\u00a0les oiseaux pas sages\u00a0\u00bb qui revisitent le r\u00e9pertoires Brassens nous on emport\u00e9s avec leurs voix et belle guitare flamenca. \u00c9dition [&hellip;]<\/p>\n","protected":false},"author":2,"featured_media":0,"parent":0,"menu_order":0,"comment_status":"closed","ping_status":"closed","template":"","meta":{"footnotes":""},"class_list":["post-9","page","type-page","status-publish","hentry"],"_links":{"self":[{"href":"https:\/\/assolacheveche.fr\/index.php?rest_route=\/wp\/v2\/pages\/9","targetHints":{"allow":["GET"]}}],"collection":[{"href":"https:\/\/assolacheveche.fr\/index.php?rest_route=\/wp\/v2\/pages"}],"about":[{"href":"https:\/\/assolacheveche.fr\/index.php?rest_route=\/wp\/v2\/types\/page"}],"author":[{"embeddable":true,"href":"https:\/\/assolacheveche.fr\/index.php?rest_route=\/wp\/v2\/users\/2"}],"replies":[{"embeddable":true,"href":"https:\/\/assolacheveche.fr\/index.php?rest_route=%2Fwp%2Fv2%2Fcomments&post=9"}],"version-history":[{"count":3,"href":"https:\/\/assolacheveche.fr\/index.php?rest_route=\/wp\/v2\/pages\/9\/revisions"}],"predecessor-version":[{"id":176,"href":"https:\/\/assolacheveche.fr\/index.php?rest_route=\/wp\/v2\/pages\/9\/revisions\/176"}],"wp:attachment":[{"href":"https:\/\/assolacheveche.fr\/index.php?rest_route=%2Fwp%2Fv2%2Fmedia&parent=9"}],"curies":[{"name":"wp","href":"https:\/\/api.w.org\/{rel}","templated":true}]}}

<p>Voici ce que vous avez (peut-être) manqué !</p>



<div class="wp-block-media-text is-stacked-on-mobile" style="grid-template-columns:40% auto"><figure class="wp-block-media-text__media"><img loading="lazy" decoding="async" width="724" height="1024" src="https://assolacheveche.fr/wp-content/uploads/2024/12/Odyssees-2025-affiche-724x1024.jpg" alt="" class="wp-image-135 size-full" srcset="https://assolacheveche.fr/wp-content/uploads/2024/12/Odyssees-2025-affiche-724x1024.jpg 724w, https://assolacheveche.fr/wp-content/uploads/2024/12/Odyssees-2025-affiche-212x300.jpg 212w, https://assolacheveche.fr/wp-content/uploads/2024/12/Odyssees-2025-affiche-768x1086.jpg 768w, https://assolacheveche.fr/wp-content/uploads/2024/12/Odyssees-2025-affiche-1086x1536.jpg 1086w, https://assolacheveche.fr/wp-content/uploads/2024/12/Odyssees-2025-affiche.jpg 1131w" sizes="auto, (max-width: 724px) 100vw, 724px" /></figure><div class="wp-block-media-text__content">
<p><strong>Édition 2025</strong></p>



<p>Pour cette édition, c&rsquo;etait le groupe « Jink » qui etait de la partie et qui à sû nous regaler avec sa musique pop-rock.</p>



<p>En première partie, « les oiseaux pas sages » qui revisitent le répertoires Brassens nous on emportés avec leurs voix et belle guitare flamenca.</p>
</div></div>



<div class="wp-block-media-text" style="grid-template-columns:40% auto"><figure class="wp-block-media-text__media"><img loading="lazy" decoding="async" width="724" height="1024" src="https://assolacheveche.fr/wp-content/uploads/2024/12/Yellow-Illustrative-Summer-Festival-Flyer-1-2-2-724x1024.png" alt="" class="wp-image-56 size-full" srcset="https://assolacheveche.fr/wp-content/uploads/2024/12/Yellow-Illustrative-Summer-Festival-Flyer-1-2-2-724x1024.png 724w, https://assolacheveche.fr/wp-content/uploads/2024/12/Yellow-Illustrative-Summer-Festival-Flyer-1-2-2-212x300.png 212w, https://assolacheveche.fr/wp-content/uploads/2024/12/Yellow-Illustrative-Summer-Festival-Flyer-1-2-2-768x1086.png 768w, https://assolacheveche.fr/wp-content/uploads/2024/12/Yellow-Illustrative-Summer-Festival-Flyer-1-2-2-1086x1536.png 1086w, https://assolacheveche.fr/wp-content/uploads/2024/12/Yellow-Illustrative-Summer-Festival-Flyer-1-2-2.png 1414w" sizes="auto, (max-width: 724px) 100vw, 724px" /></figure><div class="wp-block-media-text__content">
<p><strong>Édition 2024</strong></p>



<p>Nous avons eu l&rsquo;honneur d&rsquo;accueillir <strong>« Duo Lôv »</strong> en concert. Nous vous avions également proposer 3 ateliers dont théâtre d&rsquo;impro, art plastiques et initiation acro-yoga. Par ailleurs des jeux en bois étaient à disposition pour enfants et adultes.</p>
</div></div>



<div class="wp-block-media-text" style="grid-template-columns:40% auto"><figure class="wp-block-media-text__media"><img loading="lazy" decoding="async" width="724" height="1024" src="https://assolacheveche.fr/wp-content/uploads/2024/12/les-odyssees-du-lys-2023-1-724x1024.png" alt="" class="wp-image-54 size-full" srcset="https://assolacheveche.fr/wp-content/uploads/2024/12/les-odyssees-du-lys-2023-1-724x1024.png 724w, https://assolacheveche.fr/wp-content/uploads/2024/12/les-odyssees-du-lys-2023-1-212x300.png 212w, https://assolacheveche.fr/wp-content/uploads/2024/12/les-odyssees-du-lys-2023-1-768x1086.png 768w, https://assolacheveche.fr/wp-content/uploads/2024/12/les-odyssees-du-lys-2023-1-1086x1536.png 1086w, https://assolacheveche.fr/wp-content/uploads/2024/12/les-odyssees-du-lys-2023-1-1448x2048.png 1448w, https://assolacheveche.fr/wp-content/uploads/2024/12/les-odyssees-du-lys-2023-1.png 1587w" sizes="auto, (max-width: 724px) 100vw, 724px" /></figure><div class="wp-block-media-text__content">
<p><strong>Édition 2023 :</strong></p>



<p>Lors de cette édition sensationnelle nous avions accueilli en guest star, le duo de Folk Bluegrass <strong>« Morgane G »</strong>. Nous avions également en première partie Christian alias Régubert en variété française et de belles reprises de Georges Brassens par un trio d' »Oiseaux de passage ».</p>
</div></div>

<p>Voici ce que vous avez (peut-être) manqué ! Édition 2025 Pour cette édition, c&rsquo;etait le groupe « Jink » qui etait de la partie et qui à sû nous regaler avec sa musique pop-rock. En première partie, « les oiseaux pas sages » qui revisitent le répertoires Brassens nous on emportés avec leurs voix et belle guitare flamenca. Édition [&hellip;]</p>
