{"id":50,"date":"2024-12-24T16:07:25","date_gmt":"2024-12-24T16:07:25","guid":{"rendered":"https:\/\/lifesucks.fr\/?page_id=50"},"modified":"2025-06-20T11:39:59","modified_gmt":"2025-06-20T11:39:59","slug":"contacts","status":"publish","type":"page","link":"https:\/\/assolacheveche.fr\/?page_id=50","title":{"rendered":"A propos"},"content":{"rendered":"\n<div class=\"wp-block-columns is-layout-flex wp-container-core-columns-is-layout-28f84493 wp-block-columns-is-layout-flex\">\n<div class=\"wp-block-column is-layout-flow wp-block-column-is-layout-flow\">\n<figure class=\"wp-block-image size-large\"><img loading=\"lazy\" decoding=\"async\" width=\"1024\" height=\"472\" src=\"https:\/\/assolacheveche.fr\/wp-content\/uploads\/2025\/06\/IMG_20250408_140020-1-1024x472.jpg\" alt=\"\" class=\"wp-image-132\" srcset=\"https:\/\/assolacheveche.fr\/wp-content\/uploads\/2025\/06\/IMG_20250408_140020-1-1024x472.jpg 1024w, https:\/\/assolacheveche.fr\/wp-content\/uploads\/2025\/06\/IMG_20250408_140020-1-300x138.jpg 300w, https:\/\/assolacheveche.fr\/wp-content\/uploads\/2025\/06\/IMG_20250408_140020-1-768x354.jpg 768w, https:\/\/assolacheveche.fr\/wp-content\/uploads\/2025\/06\/IMG_20250408_140020-1-1536x707.jpg 1536w, https:\/\/assolacheveche.fr\/wp-content\/uploads\/2025\/06\/IMG_20250408_140020-1-2048x943.jpg 2048w\" sizes=\"auto, (max-width: 1024px) 100vw, 1024px\" \/><\/figure>\n<\/div>\n\n\n\n<div class=\"wp-block-column is-layout-flow wp-block-column-is-layout-flow\">\n<p>Depuis leur installation au lieu-dit la Fleur de Lys, Mich\u00e8le et Jean-Michel ont pens\u00e9 leur maison comme un lieu d&rsquo;accueil, d&rsquo;\u00e9changes, de partage. <\/p>\n\n\n\n<p>Aujourd&rsquo;hui \u00e0 la retraite, ils souhaitent d\u00e9velopper les activit\u00e9s de leur association La Chev\u00eache : <\/p>\n\n\n\n<p>Accueillir des artistes, proposer des restitutions d&rsquo;\u00e9tape de travail aux adh\u00e9rent\u00b7es de l&rsquo;asso et continuer \u00e0 faire grandir le festival des \u00ab\u00a0Odyss\u00e9es du Lys\u00a0\u00bb qui conna\u00eet une fr\u00e9quentation et un succ\u00e8s croissants depuis sa premi\u00e8re \u00e9dition, en 2019.<\/p>\n<\/div>\n<\/div>\n\n\n\n<h2 class=\"wp-block-heading\"><br>Et pourquoi une association?<\/h2>\n\n\n\n<p>Pour ouvrir ce projet \u00e0 d&rsquo;autres possibles : lieu d&rsquo;accueil de festival, mais aussi accueil d&rsquo;artistes ou d&rsquo;\u00e9crivains, d&rsquo;expositions, de conf\u00e9rences&#8230; <\/p>\n\n\n\n<p>Un lieu de partage, ouvert \u00e0 tout ce que la joie d&rsquo;\u00eatre ensemble peut produire, en particulier artistiquement.<\/p>\n\n\n\n<h2 class=\"wp-block-heading\"><br>Et pourquoi la Chev\u00eache?<\/h2>\n\n\n\n<div class=\"wp-block-columns is-layout-flex wp-container-core-columns-is-layout-28f84493 wp-block-columns-is-layout-flex\">\n<div class=\"wp-block-column is-layout-flow wp-block-column-is-layout-flow\">\n<figure class=\"wp-block-image size-full is-resized\"><img loading=\"lazy\" decoding=\"async\" width=\"523\" height=\"614\" src=\"https:\/\/assolacheveche.fr\/wp-content\/uploads\/2025\/06\/cheveche-papa-de-dos.jpg\" alt=\"\" class=\"wp-image-133\" style=\"width:410px;height:auto\" srcset=\"https:\/\/assolacheveche.fr\/wp-content\/uploads\/2025\/06\/cheveche-papa-de-dos.jpg 523w, https:\/\/assolacheveche.fr\/wp-content\/uploads\/2025\/06\/cheveche-papa-de-dos-256x300.jpg 256w\" sizes=\"auto, (max-width: 523px) 100vw, 523px\" \/><\/figure>\n<\/div>\n\n\n\n<div class=\"wp-block-column is-layout-flow wp-block-column-is-layout-flow\">\n<p>De son nom complet \u00ab\u00a0Chev\u00eache d&rsquo;Ath\u00e9na\u00a0\u00bb, ce petit rapace nocturne d&rsquo;environ 25 cm se montre parfois le jour. Il incarne les id\u00e9es qui rassemblent les membres fondateurs de l&rsquo;association:<\/p>\n\n\n\n<p><strong>Le rire, le spectacle<\/strong> : avec sa \u00ab\u00a0bille de clown\u00a0\u00bb<\/p>\n\n\n\n<p><strong>La m\u00e9moire, l&rsquo;histoire<\/strong> : elle \u00e9tait pr\u00e9sente sur le site avant notre arriv\u00e9e.<\/p>\n\n\n\n<p><strong>Le r\u00e9cit, la trace<\/strong> : Ath\u00e9na est un clin d\u2019\u0153il mythologique aux Odyss\u00e9es du Lys<\/p>\n\n\n\n<p><strong>L&rsquo;accueil, le refuge<\/strong> : comme elle nous a accueilli\u00b7es chez elle, nous l&rsquo;accueillons \u00e0 nouveau parmi nous (depuis juin 2025, o\u00f9 un nouveau couple a \u00e9lu domicile au creux d&rsquo;un vieux noyer au fond du jardin!)<\/p>\n\n\n\n<p><strong>La beaut\u00e9, l&rsquo;esth\u00e9tique<\/strong> : c&rsquo;est un oiseau magnifique<\/p>\n\n\n\n<p><strong>L&rsquo;animal, le vivant<\/strong> : elle fait le lien inter-esp\u00e8ces<\/p>\n\n\n\n<p><strong>La biodiversit\u00e9, la permaculture<\/strong> : elle participe \u00e0 l&rsquo;\u00e9quilibre, se nourrit de rongeurs (entre autres)<\/p>\n<\/div>\n<\/div>\n","protected":false},"excerpt":{"rendered":"<p>Depuis leur installation au lieu-dit la Fleur de Lys, Mich\u00e8le et Jean-Michel ont pens\u00e9 leur maison comme un lieu d&rsquo;accueil, d&rsquo;\u00e9changes, de partage. Aujourd&rsquo;hui \u00e0 la retraite, ils souhaitent d\u00e9velopper les activit\u00e9s de leur association La Chev\u00eache : Accueillir des artistes, proposer des restitutions d&rsquo;\u00e9tape de travail aux adh\u00e9rent\u00b7es de l&rsquo;asso et continuer \u00e0 faire [&hellip;]<\/p>\n","protected":false},"author":2,"featured_media":0,"parent":0,"menu_order":0,"comment_status":"closed","ping_status":"closed","template":"","meta":{"footnotes":""},"class_list":["post-50","page","type-page","status-publish","hentry"],"_links":{"self":[{"href":"https:\/\/assolacheveche.fr\/index.php?rest_route=\/wp\/v2\/pages\/50","targetHints":{"allow":["GET"]}}],"collection":[{"href":"https:\/\/assolacheveche.fr\/index.php?rest_route=\/wp\/v2\/pages"}],"about":[{"href":"https:\/\/assolacheveche.fr\/index.php?rest_route=\/wp\/v2\/types\/page"}],"author":[{"embeddable":true,"href":"https:\/\/assolacheveche.fr\/index.php?rest_route=\/wp\/v2\/users\/2"}],"replies":[{"embeddable":true,"href":"https:\/\/assolacheveche.fr\/index.php?rest_route=%2Fwp%2Fv2%2Fcomments&post=50"}],"version-history":[{"count":7,"href":"https:\/\/assolacheveche.fr\/index.php?rest_route=\/wp\/v2\/pages\/50\/revisions"}],"predecessor-version":[{"id":160,"href":"https:\/\/assolacheveche.fr\/index.php?rest_route=\/wp\/v2\/pages\/50\/revisions\/160"}],"wp:attachment":[{"href":"https:\/\/assolacheveche.fr\/index.php?rest_route=%2Fwp%2Fv2%2Fmedia&parent=50"}],"curies":[{"name":"wp","href":"https:\/\/api.w.org\/{rel}","templated":true}]}}

<div class="wp-block-columns is-layout-flex wp-container-core-columns-is-layout-28f84493 wp-block-columns-is-layout-flex">
<div class="wp-block-column is-layout-flow wp-block-column-is-layout-flow">
<figure class="wp-block-image size-large"><img loading="lazy" decoding="async" width="1024" height="472" src="https://assolacheveche.fr/wp-content/uploads/2025/06/IMG_20250408_140020-1-1024x472.jpg" alt="" class="wp-image-132" srcset="https://assolacheveche.fr/wp-content/uploads/2025/06/IMG_20250408_140020-1-1024x472.jpg 1024w, https://assolacheveche.fr/wp-content/uploads/2025/06/IMG_20250408_140020-1-300x138.jpg 300w, https://assolacheveche.fr/wp-content/uploads/2025/06/IMG_20250408_140020-1-768x354.jpg 768w, https://assolacheveche.fr/wp-content/uploads/2025/06/IMG_20250408_140020-1-1536x707.jpg 1536w, https://assolacheveche.fr/wp-content/uploads/2025/06/IMG_20250408_140020-1-2048x943.jpg 2048w" sizes="auto, (max-width: 1024px) 100vw, 1024px" /></figure>
</div>



<div class="wp-block-column is-layout-flow wp-block-column-is-layout-flow">
<p>Depuis leur installation au lieu-dit la Fleur de Lys, Michèle et Jean-Michel ont pensé leur maison comme un lieu d&rsquo;accueil, d&rsquo;échanges, de partage. </p>



<p>Aujourd&rsquo;hui à la retraite, ils souhaitent développer les activités de leur association La Chevêche : </p>



<p>Accueillir des artistes, proposer des restitutions d&rsquo;étape de travail aux adhérent·es de l&rsquo;asso et continuer à faire grandir le festival des « Odyssées du Lys » qui connaît une fréquentation et un succès croissants depuis sa première édition, en 2019.</p>
</div>
</div>



<h2 class="wp-block-heading"><br>Et pourquoi une association?</h2>



<p>Pour ouvrir ce projet à d&rsquo;autres possibles : lieu d&rsquo;accueil de festival, mais aussi accueil d&rsquo;artistes ou d&rsquo;écrivains, d&rsquo;expositions, de conférences&#8230; </p>



<p>Un lieu de partage, ouvert à tout ce que la joie d&rsquo;être ensemble peut produire, en particulier artistiquement.</p>



<h2 class="wp-block-heading"><br>Et pourquoi la Chevêche?</h2>



<div class="wp-block-columns is-layout-flex wp-container-core-columns-is-layout-28f84493 wp-block-columns-is-layout-flex">
<div class="wp-block-column is-layout-flow wp-block-column-is-layout-flow">
<figure class="wp-block-image size-full is-resized"><img loading="lazy" decoding="async" width="523" height="614" src="https://assolacheveche.fr/wp-content/uploads/2025/06/cheveche-papa-de-dos.jpg" alt="" class="wp-image-133" style="width:410px;height:auto" srcset="https://assolacheveche.fr/wp-content/uploads/2025/06/cheveche-papa-de-dos.jpg 523w, https://assolacheveche.fr/wp-content/uploads/2025/06/cheveche-papa-de-dos-256x300.jpg 256w" sizes="auto, (max-width: 523px) 100vw, 523px" /></figure>
</div>



<div class="wp-block-column is-layout-flow wp-block-column-is-layout-flow">
<p>De son nom complet « Chevêche d&rsquo;Athéna », ce petit rapace nocturne d&rsquo;environ 25 cm se montre parfois le jour. Il incarne les idées qui rassemblent les membres fondateurs de l&rsquo;association:</p>



<p><strong>Le rire, le spectacle</strong> : avec sa « bille de clown »</p>



<p><strong>La mémoire, l&rsquo;histoire</strong> : elle était présente sur le site avant notre arrivée.</p>



<p><strong>Le récit, la trace</strong> : Athéna est un clin d’œil mythologique aux Odyssées du Lys</p>



<p><strong>L&rsquo;accueil, le refuge</strong> : comme elle nous a accueilli·es chez elle, nous l&rsquo;accueillons à nouveau parmi nous (depuis juin 2025, où un nouveau couple a élu domicile au creux d&rsquo;un vieux noyer au fond du jardin!)</p>



<p><strong>La beauté, l&rsquo;esthétique</strong> : c&rsquo;est un oiseau magnifique</p>



<p><strong>L&rsquo;animal, le vivant</strong> : elle fait le lien inter-espèces</p>



<p><strong>La biodiversité, la permaculture</strong> : elle participe à l&rsquo;équilibre, se nourrit de rongeurs (entre autres)</p>
</div>
</div>

<p>Depuis leur installation au lieu-dit la Fleur de Lys, Michèle et Jean-Michel ont pensé leur maison comme un lieu d&rsquo;accueil, d&rsquo;échanges, de partage. Aujourd&rsquo;hui à la retraite, ils souhaitent développer les activités de leur association La Chevêche : Accueillir des artistes, proposer des restitutions d&rsquo;étape de travail aux adhérent·es de l&rsquo;asso et continuer à faire [&hellip;]</p>
